t of 7124?
4
What is the units digit of 4974?
4
What is the tens digit of 14834?
3
What is the units digit of 85?
5
What is the hundred thousands digit of 137821?
1
What is the ten thousands digit of 36636?
3
What is the tens digit of 675?
7
What is the thousands digit of 5124?
5
What is the units digit of 4939?
9
What is the units digit of 838?
8
What is the units digit of 6661?
1
What is the thousands digit of 3419?
3
What is the hundreds digit of 57887?
8
What is the ten thousands digit of 21370?
2
What is the tens digit of 1618?
1
What is the units digit of 87044?
4
What is the tens digit of 3462?
6
What is the ten thousands digit of 73859?
7
What is the ten thousands digit of 62244?
6
What is the hundreds digit of 8604?
6
What is the thousands digit of 2577?
2
What is the tens digit of 40770?
7
What is the hundreds digit of 849?
8
What is the hundreds digit of 4818?
8
What is the units digit of 578?
8
What is the ten thousands digit of 78699?
7
What is the thousands digit of 22310?
2
What is the hundreds digit of 442?
4
What is the tens digit of 7250?
5
What is the thousands digit of 75044?
5
What is the thousands digit of 10430?
0
What is the ten thousands digit of 24748?
2
What is the tens digit of 10687?
8
What is the hundreds digit of 1316?
3
What is the thousands digit of 57217?
7
What is the tens digit of 9196?
9
What is the hundreds digit of 3013?
0
What is the hundreds digit of 6869?
8
What is the hundreds digit of 424?
4
What is the ten thousands digit of 19610?
1
What is the thousands digit of 30585?
0
What is the thousands digit of 4009?
4
What is the units digit of 8785?
5
What is the units digit of 116?
6
What is the hundreds digit of 6767?
7
What is the units digit of 289?
9
What is the tens digit of 4848?
4
What is the units digit of 522?
2
What is the ten thousands digit of 151367?
5
What is the tens digit of 902?
0
What is the units digit of 571?
1
What is the units digit of 16671?
1
What is the thousands digit of 41915?
1
What is the hundreds digit of 20459?
4
What is the hundreds digit of 4784?
7
What is the ten thousands digit of 22231?
2
What is the hundreds digit of 2846?
8
What is the hundreds digit of 60789?
7
What is the units digit of 2642?
2
What is the units digit of 1998?
8
What is the tens digit of 99160?
6
What is the tens digit of 22688?
8
What is the hundreds digit of 19764?
7
What is the hundreds digit of 64439?
4
What is the thousands digit of 61615?
1
What is the ten thousands digit of 61132?
6
What is the hundreds digit of 3705?
7
What is the hundreds digit of 6124?
1
What is the thousands digit of 7311?
7
What is the ten thousands digit of 98308?
9
What is the thousands digit of 106786?
6
What is the tens digit of 15527?
2
What is the hundreds digit of 220?
2
What is the tens digit of 44?
4
What is the hundreds digit of 61796?
7
What is the tens digit of 2011?
1
What is the tens digit of 7373?
7
What is the thousands digit of 12876?
2
What is the hundreds digit of 329?
3
What is the units digit of 1722?
2
What is the thousands digit of 1140?
1
What is the tens digit of 1671?
7
What is the units digit of 811?
1
What is the tens digit of 2794?
9
What is the units digit of 15541?
1
What is the ten thousands digit of 26578?
2
What is the thousands digit of 6107?
6
What is the tens digit of 184?
8
What is the tens digit of 179810?
1
What is the ten thousands digit of 83513?
8
What is the tens digit of 551?
5
What is the units digit of 1613?
3
What is the thousands digit of 29207?
9
What is the hundreds digit of 1068?
0
What is the units digit of 11086?
6
What is the units digit of 3733?
3
What is the units digit of 409?
9
What is the hundred thousands digit of 129640?
1
What is the tens digit of 844?
4
What is the tens digit of 1024?
2
What is the ten thousands digit of 42755?
4
What is the units digit of 57819?
9
What is the units digit of 861?
1
What is the tens digit of 504?
0
What is the units digit of 29?
9
What is the tens digit of 815?
1
What is the hundreds digit of 7011?
0
What is the tens digit of 19460?
6
What is the hundreds digit of 936?
9
What is the hundreds digit of 700?
7
What is the hundreds digit of 105214?
2
What is the thousands digit of 36895?
6
What is the hundreds digit of 1261?
2
What is the thousands digit of 8031?
8
What is the ten thousands digit of 72116?
7
What is the units digit of 2303?
3
What is the hundreds digit of 1176?
1
What is the hundreds digit of 118160?
1
What is the thousands digit of 1321?
1
What is the ten thousands digit of 12852?
1
What is the thousands digit of 106504?
6
What is the units digit of 25673?
3
What is the tens digit of 509?
0
What is the hundreds digit of 10807?
8
What is the tens digit of 158?
5
What is the hundreds digit of 23061?
0
What is the tens digit of 440?
4
What is the thousands digit of 72685?
2
What is the hundreds digit of 3075?
0
What is the tens digit of 5856?
5
What is the units digit of 59450?
0
What is the tens digit of 15948?
4
What is the thousands digit of 8638?
8
What is the units digit of 74799?
9
What is the hundreds digit of 1107?
1
What is the thousands digit of 3894?
3
What is the tens digit of 711?
1
What is the thousands digit of 32360?
2
What is the tens digit of 373?
7
What is the hundreds digit of 2832?
8
What is the hundreds digit of 106381?
3
What is the thousands digit of 2757?
2
What is the units digit of 3585?
5
What is the thousands digit of 24262?
4
What is the units digit of 88621?
1
What is the hundreds digit of 2096?
0
What is the tens digit of 405?
0
What is the hundreds digit of 4577?
5
What is the tens digit of 2021?
2
What is the thousands digit of 16988?
6
What is the units digit of 20812?
2
What is the units digit of 2628?
8
What is the hundreds digit of 5785?
7
What is the thousands digit of 8085?
8
What is the thousands digit of 10688?
0
What is the thousands digit of 104417?
4
What is the units digit of 36962?
2
What is the hundreds digit of 1471?
4
What is the tens digit of 2128?
2
What is the thousands digit of 9295?
9
What is the hundreds digit of 3641?
6
What is the thousands digit of 1897?
1
What is the thousands digit of 5832?
5
What is the units digit of 507?
7
What is the thousands digit of 14301?
4
What is the tens digit of 1673?
7
What is the tens digit of 1697?
9
What is the units digit of 4234?
4
What is the tens digit of 179?
7
What is the thousands digit of 1367?
1
What is the ten thousands digit of 55390?
5
What is the tens digit of 445?
4
What is the hundreds digit of 9593?
5
What is the hundreds digit of 313?
3
What is the hundreds digit of 1827?
8
What is the units digit of 22506?
6
What is the hundreds digit of 2544?
5
What is the tens digit of 1176?
7
What is the units digit of 26372?
2
What is the thousands digit of 4425?
4
What is the tens digit of 35907?
0
What is the units digit of 51527?
7
What is the hundreds digit of 1429?
4
What is the thousands digit of 104372?
4
What is the hundreds digit of 67908?
9
What is the hundreds digit of 447?
4
What is the hundreds digit of 5098?
0
What is the units digit of 1025?
5
What is the thousands digit of 2428?
2
What is the tens digit of 1440?
4
What is the units digit of 6860?
0
What is the thousands digit of 61744?
1
What is the tens digit of 8209?
0
What is the units digit of 1324?
4
What is the tens digit of 16189?
8
What is the hundreds digit of 566?
5
What is the ten thousands digit of 16572?
1
What is the tens digit of 21694?
9
What is the units digit of 5647?
7
What is the units digit of 11387?
7
What is the hundred thousands digit of 123680?
1
What is the ten thousands digit of 86237?
8
What is the tens digit of 249?
4
What is the hundreds digit of 35279?
2
What is the tens digit of 1034?
3
What is the units digit of 7549?
9
What is the units digit of 656?
6
What is the thousands digit of 21990?
1
What is the tens digit of 74237?
3
What is the ten thousands digit of 29576?
2
What is the units digit of 650?
0
What is the ten thousands digit of 19743?
1
What is the tens digit of 4858?
5
What is the hundreds digit of 10569?
5
What is the units digit of 3535?
5
What is the hundreds digit of 192?
1
What is the tens digit of 1228?
2
What is the thousands digit of 21053?
1
What is the units digit of 12956?
6
What is the tens 